ts digit of p?
3
Let d(c) = -c**3 + 2*c**2 - 3*c - 9. Let h(r) = 3*r**3 - 3*r**2 + 5*r + 19. Let q(j) = -5*d(j) - 2*h(j). What is the units digit of q(-5)?
7
Let u be (1 - -1)*(-3 - -5). Suppose 4*o - k = -u + 51, -o - 3*k = -28. What is the units digit of o?
3
Let k(q) = 6*q - 2. Let y be k(5). Let s = 7 - 25. Let v = s + y. What is the units digit of v?
0
Suppose 0 = -3*d - 2*u + 52, 4*d = -0*d + u + 84. What is the units digit of 2/5*d/8?
1
Let r be (2 - -1)/(6/4). Suppose -r*s + 9 = s. Suppose -q + s = -6. What is the units digit of q?
9
What is the units digit of (-10)/(3/(-27)*2)?
5
Suppose 0*i + 2*i = 112. What is the units digit of i?
6
Let x be (-18)/15*20/(-6). Suppose -15 = -3*o + 3*v, -2*o - 28 = -x*o - 4*v. What is the units digit of ((-16)/(-10))/(o/60)?
2
Let q(j) be the first derivative of 5*j**4/4 - 5*j**3/3 + 11*j + 1. Let y(b) = b**3 - b**2 + 2. Let v(i) = 2*q(i) - 11*y(i). What is the units digit of v(-1)?
2
Suppose 0 = 4*b - 6*b - 16. Let m(r) be the third derivative of r**6/120 + 3*r**5/20 + r**4/3 + 5*r**3/6 - r**2. What is the units digit of m(b)?
5
Suppose 0*n = -2*n + 16. Suppose 4*c + n = 8*c. What is the units digit of c?
2
Let p = -16 - -15. What is the units digit of (6 - -3) + p*3?
6
Let f(x) = 4*x - 5. Let t = -6 - -8. Suppose -t*a + 7*a = 25. What is the units digit of f(a)?
5
Let m(j) = 2*j**2 - 10*j + 30. What is the hundreds digit of m(11)?
1
Suppose 63 = -0*r + r. Suppose -4*q - w = -r, -2*q + 66 = 3*q - 3*w. What is the tens digit of q?
1
Let c be (-50)/(-12) + (-1)/6. Suppose 5*g - c*g = m - 12, 0 = 4*g - 12. What is the tens digit of m - (0 + 0 + 2)?
1
Let r be 120/(-21) + 4/(-14). Let w(h) be the first derivative of h**4/4 + 5*h**3/3 - 7*h**2/2 + 5*h - 6. What is the tens digit of w(r)?
1
Suppose -3*r + 11 = y - 26, 5*r = 4*y - 63. What is the units digit of y?
2
Let n = 10 + -6. Suppose -n*j = -0*s + s - 21, -5*s = 5*j - 30. Let b = s + 2. What is the units digit of b?
3
Let r be (6/(-4))/(2/(-4)). Suppose 3*w = w - 4*g + 20, -115 = -5*w + r*g. What is the units digit of w?
0
Let u = -6 + 14. Let z(m) = 11 - 3*m**3 + 2*m**3 + 0*m**3 + 7*m + 7*m**2. What is the units digit of z(u)?
3
Suppose -30 + 366 = 6*k. What is the units digit of k?
6
Let r(b) = b**3 + 8*b**2 - 9*b + 4. What is the units digit of r(-9)?
4
Let h = -677 + 1089. What is the units digit of h?
2
Suppose 5*b + 2 = 2*u - 5*u, -16 = 5*u + 2*b. Let p be 1/(-4) + (-101)/u. Let h = p + -14. What is the units digit of h?
1
Suppose -a + x + 0 - 4 = 0, -4*a - 7 = -x. Let c = 10 + a. What is the units digit of c + (-1)/((-1)/2)?
1
Suppose -3*q + 60 = -54. What is the tens digit of q?
3
Let y be (-12)/54 - (-40)/18. Suppose 0*a - 12 = -a + 2*i, 12 = y*a - i. What is the units digit of a?
4
Suppose 0 = 5*p - 5*t - 2262 + 562, -p - 5*t = -346. What is the tens digit of p?
4
Let v = 9 + -18. Let w be 0 + v + (2 - 3). What is the units digit of (-132)/(-10) - (-2)/w?
3
Let z(v) = -4*v**3 - v**2 + v + 1. Let s be z(-1). Let f = 22 + s. What is the units digit of f?
5
Let c(q) = -q + 2. Let f be c(2). Let z = 3 - f. What is the units digit of z?
3
Let s = 35 + -13. Suppose -5*g + 0*g - 40 = 2*m, 5*m + 4*g + 83 = 0. Let r = m + s. What is the units digit of r?
7
Suppose 5*p + 5*t - 9 = 1, 3*t = 0. Suppose 7*z - 3*z + 154 = p*k, 0 = -z + k - 40. Let w = -22 - z. What is the units digit of w?
5
Suppose -24 = -4*f + 48. What is the tens digit of f?
1
Let w be -4*4/(32/6). Let p(f) = -13*f - 6. What is the tens digit of p(w)?
3
What is the hundreds digit of (12/60 - (-14)/5) + 106?
1
Suppose 2*k + 5 = -4*x - 7, k = 4*x + 24. Suppose -k*u - 1 = 7. What is the units digit of 1 + 1 - (2 + u)?
2
Let a(r) = -8*r - 2. What is the units digit of a(-1)?
6
Let x(b) = b + 6. Let r be 0/2*(-1 + 0). Let h be x(r). Suppose 2*q - h = 12. What is the units digit of q?
9
Let k be -1*2*(-12)/8. What is the tens digit of 28 + k - (1 - -2)?
2
Suppose 5*x = -5*w + 7*x + 1291, -4*x = w - 245. What is the units digit of w?
7
Let k be 2/((-6)/(-9))*1. Let b(y) be the second derivative of -y**4/12 + 7*y**3/6 - 3*y**2/2 + y. What is the units digit of b(k)?
9
Suppose -5*f + 48 = -2*f. Suppose -3*j + z = -f, j - 3*z = -j + 20. What is the units digit of j?
4
Suppose 0 = -22*g + 20*g + 152. What is the units digit of g?
6
Let k = -125 - -211. What is the units digit of k?
6
Let f be ((-32)/10)/((-10)/75). Suppose -3*r = -r - f. What is the tens digit of r?
1
Suppose 2648 = 12*p + 632. What is the hundreds digit of p?
1
Suppose 4*u = -5*s + 135, 5*u + 2*s + s = 172. Let b = 51 - u. What is the tens digit of b?
1
Suppose -g + 40 = 5*a - 4*g, g - 20 = -5*a. What is the units digit of a?
5
What is the units digit of (6/(-4))/(3/(-18))?
9
What is the units digit of (-1 - -7) + -1 + 0?
5
Suppose -3 = 2*d + d. Let w = -1 - 1. What is the units digit of w/(-2*d/(-4))?
4
Let p be 2/4 + 3/(-2). Let g(w) = -3*w. Let i be g(p). Suppose 19 = -2*a + 4*a + i*y, -3*a = y - 11. What is the units digit of a?
2
Let d(m) = 4*m + 39. What is the units digit of d(16)?
3
Let l(y) = y + 73. What is the tens digit of l(0)?
7
Let j(g) = -g**2 + 9*g - 4. Let s be j(6). Let a(x) = x**3 + 5*x**2 + 5*x. Let y be a(-4). Let r = s + y. What is the units digit of r?
0
Let m be (-2 + 1)/(1/(-2)). Suppose m*h + 2*h = 0. Suppose 5*o + h*o = 65. What is the tens digit of o?
1
Let s(t) = -2*t**2 + 39*t + 13. What is the units digit of s(12)?
3
Let l = -19 + 3. What is the units digit of (4/8)/((-1)/l)?
8
Suppose -2*w - 3*x - 149 = -0*w, -5*w - 4*x = 383. Let s = w + 119. Suppose -z - 3*c - 52 = -5*z, -5*c = -2*z + s. What is the units digit of z?
0
Let f = 609 + -350. What is the tens digit of f?
5
Suppose 5*c = 4*c. Suppose c*w + 8 = 2*w. What is the units digit of 2 + (1 - -1*w)?
7
Suppose 30 = 2*x - 154. What is the units digit of x?
2
Let o(g) = -g**3 + 2*g**2 + 3*g - 4. Let u be o(3). What is the tens digit of 48/5 - u/10?
1
Let s = -6 - -7. Suppose -4*v = -3*n + s, v - 5 = 3*v + 3*n. What is the units digit of 18/((-4)/(-2) + v)?
8
Suppose -q + 4 = 4*n, -4*n + 5*q = 2*q + 12. Suppose n = 3*x - x - 12. What is the units digit of 4*(-3)/x*-2?
4
Let j = 25 - 15. Suppose -2*w + 8 = -j. What is the units digit of w?
9
Let q = 14 - -2. What is the units digit of q?
6
Let v = -21 + 71. Suppose 2*a - 4*h = -0*a + v, 0 = a + h - 13. Let w = -10 + a. What is the units digit of w?
7
Let c(m) be the first derivative of -5*m**2 + m - 2. What is the tens digit of c(-1)?
1
Suppose 0 = 2*x - 3*o - 58, -o - 47 = -x - 16. What is the tens digit of x?
3
Suppose -5*w + 2*w = 0. Let x be (-1)/(w - -1) + 5. Suppose 2*j - 5*f = 13, x = 2*j + 3*f - 1. What is the units digit of j?
4
Suppose 3*v + 3 = 2*x - 4, 2*x - 2*v - 8 = 0. Suppose 12 + 3 = x*i, 3*r = 2*i. What is the units digit of r?
2
Suppose 4*j - 3*j - 30 = 0. Suppose 0 = -8*o + 11*o - j. What is the units digit of o?
0
Suppose 40 - 540 = -4*d. What is the hundreds digit of d?
1
Suppose -o - 1 = -13. Suppose o = p - 4*p. What is the units digit of (-11)/p*(0 + 4)?
1
Suppose 0 = 4*w + 101 - 13. Let y = w - -43. What is the units digit of y?
1
Suppose 90 = 3*l + 30. Let t = 2 + l. Suppose -4*u = -26 - t. What is the units digit of u?
2
Suppose 0 = 3*v + 4*m - 32, 6*v - 4*m + 8 = 3*v. Suppose -v*i + 60 = 4. What is the units digit of i?
4
Let g be ((-6)/(-4))/((-1)/(-28)). Let x = -13 + g. What is the tens digit of x?
2
Suppose -2*s - 1 = 3. What is the units digit of (1/s)/((-3)/54)?
9
Let f = 1 + -6. Let q = f - -8. What is the units digit of q?
3
Suppose 0 = 2*v - 2*m + 14, -25 = 4*v - 5*m + 7. What is the units digit of (0 - v)*(1 + 0)?
3
Suppose -9 = 5*o - 5*a + 6, -5*o - 4*a = -12. Suppose o = v - 5 - 3. Let m(g) = -g**3 + 8*g**2 + 6. What is the units digit of m(v)?
6
Suppose -18*h + 17*h = -84. What is the tens digit of h?
8
What is the units digit of ((-186)/15)/(2/(-10))?
2
Suppose 0 = -y - 2*y + 6. Suppose 0 = y*b - 3*b + 8. What is the units digit of b?
8
Let c(w) = w - 9. Let t be c(-8). Let o = t - -34. What is the tens digit of o?
1
Suppose -31 = 3*w - 64. What is the units digit of w?
1
Suppose 5 - 13 = -4*f. Suppose -2*c - o + 4 = 0, -c + 4 = 5*o + f. Suppose -2*s + 4*w + 22 = w, w + 18 = c*s. What is the units digit of s?
8
Suppose -f = -8 - 2. Let j be (-4)/(2